- 8. List the prime factors of (d/(1*c))/((-40)/780).
3, 13
Suppose -4*g = 3*n - 139644, 9*g - 108942 - 205257 = 3*n. What are the prime factors of g?
3, 431
Let x(b) = -b**3 - 5*b**2 + 11*b - 6. Let a be x(7). Let s = a - -1576. Suppose -d = 1, -3*v - 2*v + s = -4*d. List the prime factors of v.
211
Let f(s) = 249*s**2 + 58*s - 281. List the prime factors of f(7).
2, 6163
Let t(h) = -h - 14. Let u be t(-11). List the prime factors of (-5079)/(-10) + u/(-30).
2, 127
Suppose 2*l - 5*b - 22 = 0, 0 = -3*l - b - 4*b + 8. Suppose 4*s - 646 = -m, -2*s + 1316 = l*m - 4*m. List the prime factors of m.
2, 331
Let n be (-600)/(-9)*102/8. Let m(r) = 5*r + 158. Let i be m(-29). Suppose -n = -i*v + 1074. What are the prime factors of v?
2, 37
Suppose -218*q = -210*q - 16. Suppose -2*j + 0*u + 2*u = -2094, -q*j - 5*u + 2101 = 0. What are the prime factors of j?
2, 131
Let s(x) be the second derivative of x**5/20 - x**4/2 + 5*x**3/6 - 49*x**2/2 - 64*x. What are the prime factors of s(9)?
239
Suppose -c + 14 = 6*c. Suppose 3*j = -c*l + 855, 2*j - 7*j - 831 = -2*l. List the prime factors of l.
3, 47
Let s = 24787 - 14531. List the prime factors of s.
2, 641
Let n(m) = 37*m**2 + 8*m - 17. Let g be n(5). Let t = 1535 - g. List the prime factors of t.
587
Let r be (-7)/(14/(-8)) + 13 + -5. Suppose -r*b = -18*b - 18. List the prime factors of 5 + -1 - (b - 0).
7
Suppose -205966 = -5*o + 5*p + 2009, 41599 = o - 5*p. List the prime factors of o.
2, 7, 2971
Let j be ((-418)/4)/(-1) - 48/(-96). Let g = -75 + j. Let i = 62 + g. What are the prime factors of i?
2, 23
Let t be ((-1)/4*-2726)/(9/36). Let i = -1479 + t. What are the prime factors of i?
29, 43
Suppose 772*c = 769*c + 47424. What are the prime factors of c?
2, 13, 19
Suppose 0 = -2*d + 14 + 4. Suppose 0 = -4*f + d*f + 15, -4*b - 5*f = 15. Suppose 2*v + k = 44 + 130, -v - 2*k + 84 = b. What are the prime factors of v?
2, 11
Suppose 0 = 2*n - 12500 + 1532. What are the prime factors of n?
2, 3, 457
Suppose 126944 = -23*n + 243344 + 337367. What are the prime factors of n?
109, 181
Let p = -5 + 11. Let t be 4/(-8) - (-3)/p*9. Suppose t = -q + 7, -2*q - 44 = -s. List the prime factors of s.
2, 5
Let t(r) = -r**3 + 16*r**2 + 24*r + 20. Let n(h) = -15*h + 3*h - 4 + 9*h + 0. Let q be n(-7). What are the prime factors of t(q)?
139
Suppose -2*y = 5*i + 4 - 23, -y = 3*i - 11. Let g be (232/16)/(y*(-2)/8). Let z = 0 - g. What are the prime factors of z?
29
Let a(g) = -g**3 + 14*g**2 - 14*g + 15. Let i be a(13). What are the prime factors of (i/(-5))/((-20)/18650)?
373
Let t(d) = 2*d**3 + 22*d**2 - 7*d - 6. Let j be t(-11). Suppose 478 = 3*x - j. What are the prime factors of x?
3, 61
Let b(i) = -3*i**2 - 29*i - 23. Let l be b(-11). Let y = 89 - l. What are the prime factors of y?
2, 3, 13
Let m = -31 - -16. Let i(s) = -s. Let b be i(4). List the prime factors of b/2 + 0 - m.
13
Suppose 24*y - 123828 - 162444 = 0. Suppose 25*x - y = -17*x. What are the prime factors of x?
2, 71
What are the prime factors of ((-3)/(-7) - (4 - (-256752)/63))*-11?
11, 4079
Let u be (8 + 51/(-12))/((-2)/(-8)). Suppose -5*k = -5*v + 3430, 0 = 4*k - k + u. List the prime factors of v.
3, 227
Suppose y - 714 = -467. Suppose -8 - 52 = -4*d. Suppose -862 + y = -d*j. What are the prime factors of j?
41
Suppose -6 = -5*m + 9. Suppose -m*d + 4 = -0*k + 4*k, k = 4*d - 18. Suppose -245 = -d*y + 75. What are the prime factors of y?
2, 5
List the prime factors of -2 - (6 + (25104/72)/(2/(-21))).
13, 281
Suppose -9394 = -2*n + f, 4*n + 0*n - 18786 = f. Suppose -4*c = 5*d - n, -4*c + 9*d - 12*d = -4696. List the prime factors of c.
2, 587
Let s = -5 - -2. Let b be s - (-21 + (5 + -2 - 5)). Suppose b = t - 17. What are the prime factors of t?
37
Suppose 2*t + j = 2, 3*j + 2 - 3 = -t. Suppose t = p - 132. Let v = p - 81. What are the prime factors of v?
2, 13
Let p(x) = 1384*x**2 + 461*x - 14. List the prime factors of p(-5).
19, 1699
Let v(c) = 12*c - 1 + 6 - c**2 + 10*c. Let b = -82 + 101. List the prime factors of v(b).
2, 31
Let o(a) = 2*a**3 + 14*a**2 - 2*a + 8. Let m be o(-7). Suppose m*u + 276 = 19*u. Let h = u + 184. List the prime factors of h.
2, 23
What are the prime factors of ((-1)/(12/(-8)))/(5/(-30)) - -27366?
2, 13681
Let v be 16/7 + 12/(-42). Let f be 1/13*v - 925/(-325). Suppose 2*m - f*m = 0, 195 = g + m. What are the prime factors of g?
3, 5, 13
Let w be 3 + -1 - 8 - -3. Let s be -2 + ((-10)/(-3) + w)*6. List the prime factors of (s - 12)*(-108)/16.
3
Let c be 8 + -4 + 0 + 4. Let v(a) = -a**2 + 19*a - 12. Let f be v(c). Suppose 0 = 2*d - f - 100. What are the prime factors of d?
2, 11
Suppose -26*a = -47 - 5. Suppose 1414 = 36*y - 34*y - 5*t, a*y - t - 1430 = 0. List the prime factors of y.
3, 239
Let j = 1067 + -382. Suppose -3*v - 4*c - j = 0, 0 = -5*v + 5*c - c - 1195. Let x = 329 + v. What are the prime factors of x?
2, 47
Let j(w) = 3*w**3 + 6 + 29*w - 154*w**2 - 5*w**3 + 14 + 150*w**2. List the prime factors of j(-8).
2, 139
Let y be ((-7194)/15)/((54/45)/6). What are the prime factors of (y/(-55))/((-10)/(-25))?
109
Suppose 38*v = 44*v + 1410. Let w = 38 - v. What are the prime factors of w?
3, 7, 13
Suppose 2*v - 3*x = 29127, 4*v = -30*x + 28*x + 58310. What are the prime factors of v?
2, 3, 7, 347
Let d = 1046 - -5650. What are the prime factors of d?
2, 3, 31
Let y(p) = 1. Let t(h) = -3*h - 2. Let b(r) = 4*t(r) - 20*y(r). Let k be 8*2*(-21)/24. List the prime factors of b(k).
2, 5, 7
Let z = 66358 + 1616. List the prime factors of z.
2, 3, 11329
Let r(f) = -22*f**3 + 58*f**2 + 4*f + 41. List the prime factors of r(-10).
3, 3089
Suppose 4*f + 4*p - 55384 = 0, -129*p - 13876 = -f - 124*p. List the prime factors of f.
3, 19
What are the prime factors of 702360/(-288)*(-12)/5?
3, 1951
Let k be (-10)/(-4)*(-216)/30. Let i(t) = 2*t**3 + 38*t**2 + 6*t - 19. List the prime factors of i(k).
521
What are the prime factors of (-21)/((-588)/105800)*(4 + 10)?
2, 5, 23
Suppose -12*u + 31*u - 76 = 0. What are the prime factors of (-2482)/(-12) - u/(-24)?
3, 23
Let s(t) = -5 - 2 + t + t**3 + 5*t**2 + 3 + 3. Let h be s(-4). Suppose -4*f = h - 139. List the prime factors of f.
2
Let b(k) be the second derivative of k**4/3 + 8*k**3/3 + 28*k**2 + 2*k + 11. List the prime factors of b(-7).
2, 5, 7
Suppose 3*b - 3260 + 1604 = 1953. What are the prime factors of b?
3, 401
Let g = 8 - 5. Suppose -g*h = -3*j + 2*h - 14, -5*h = -5. What are the prime factors of -3 + (0 - j) - (9 + -142)?
7, 19
List the prime factors of -21370*6/14*(92/(-12) + 3).
2, 5, 2137
Let o(u) = 23*u - 59. Let i be o(24). Let x = i + -325. List the prime factors of x.
2, 3, 7
Suppose -137128 + 750071 = 89*y. What are the prime factors of y?
71, 97
Let o(g) = -6*g**2 - 296*g - 15. What are the prime factors of o(-35)?
5, 599
Let i(v) = 178*v**3 - 2*v**2 + 9. Let a be i(2). Let g = 2383 - a. List the prime factors of g.
2, 479
Let u(v) = 980*v**2 + 110*v - 643. What are the prime factors of u(6)?
47, 751
Let g = 466 + -467. What are the prime factors of (0 - g) + 830 + (-3)/3?
2, 5, 83
Let p(r) = 6287*r + 1239. What are the prime factors of p(12)?
3, 25561
Let q = 2564 - -5469. List the prime factors of q.
29, 277
Let m = 402 - -6807. List the prime factors of m.
3, 89
List the prime factors of (550/(-42) - -13) + 1348/42*757.
2, 3037
Suppose -3666 + 44943 = 4*q - 5*j, 4*q - 4*j - 41284 = 0. What are the prime factors of q?
2, 1291
Suppose -5*q + 639 + 356 = 0. Let a = -297 + q. Let g = 140 + a. List the prime factors of g.
2, 3, 7
Let v be -9 - -9 - 10/(-2). Suppose -v*c = -10*c + 140. List the prime factors of (-2960)/(-28) + 64/c + -2.
2, 53
Suppose 333268 = -34*y + 63*y. List the prime factors of y.
2, 13, 17
What are the prime factors of 279756/156 - 60/195?
11, 163
Let s(n) = -37*n - 40. Suppose -15 - 45 = 2*a. What are the prime factors of s(a)?
2, 5, 107
Let d be 116/12*-3*1. Let y = d + 43. List the prime factors of 7 + 903/y + (-1)/2.
71
Let c(z) = z**2 + 28*z + 8. Suppose -8 = -2*t, -10*d + 9*d + t - 42 = 0. List the prime factors of c(d).
2, 97
Suppose 3*m - 94 = 2*v + 4, -m = -5*v - 11. Let q(k) = -18 + k**2 + 6*k + m - 2*k. List the prime factors of q(6).
2, 3, 13
Let y = 4968 - 3524. Suppose 0 = 5*w + 3*c - 1778, -4*w = -2*c - c - y. What are the prime factors o